{"id":7502,"date":"2023-04-24T15:05:51","date_gmt":"2023-04-24T15:05:51","guid":{"rendered":"https:\/\/hkmguwahati.org\/?page_id=7502"},"modified":"2024-12-21T11:33:54","modified_gmt":"2024-12-21T11:33:54","slug":"srila-prabhupada","status":"publish","type":"page","link":"https:\/\/demo.webxindia.com\/hkmg\/srila-prabhupada\/","title":{"rendered":"SRILA PRABHUPADA"},"content":{"rendered":"\t\t<div data-elementor-type=\"wp-page\" data-elementor-id=\"7502\" class=\"elementor elementor-7502\">\n\t\t\t\t\t\t<section class=\"elementor-section elementor-top-section elementor-element elementor-element-8fd7b39 elementor-section-stretched elementor-section-full_width elementor-section-height-default elementor-section-height-default\" data-id=\"8fd7b39\" data-element_type=\"section\" data-e-type=\"section\" data-settings=\"{&quot;stretch_section&quot;:&quot;section-stretched&quot;}\">\n\t\t\t\t\t\t<div class=\"elementor-container elementor-column-gap-default\">\n\t\t\t\t\t<div class=\"elementor-column elementor-col-100 elementor-top-column elementor-element elementor-element-a298d48\" data-id=\"a298d48\" data-element_type=\"column\" data-e-type=\"column\" data-settings=\"{&quot;background_background&quot;:&quot;classic&quot;}\">\n\t\t\t<div class=\"elementor-widget-wrap elementor-element-populated\">\n\t\t\t\t\t<div class=\"elementor-background-overlay\"><\/div>\n\t\t\t\t\t\t<div class=\"elementor-element elementor-element-2e0f73f elementor-widget elementor-widget-breadcrumbs\" data-id=\"2e0f73f\" data-element_type=\"widget\" data-e-type=\"widget\" data-widget_type=\"breadcrumbs.default\">\n\t\t\t\t<div class=\"elementor-widget-container\">\n\t\t\t\t\t \t\t\t\t<\/div>\n\t\t\t\t<\/div>\n\t\t\t\t\t<\/div>\n\t\t<\/div>\n\t\t\t\t\t<\/div>\n\t\t<\/section>\n\t\t\t\t<section class=\"elementor-section elementor-top-section elementor-element elementor-element-68aeb72 elementor-section-stretched elementor-section-boxed elementor-section-height-default elementor-section-height-default\" data-id=\"68aeb72\" data-element_type=\"section\" data-e-type=\"section\" data-settings=\"{&quot;stretch_section&quot;:&quot;section-stretched&quot;}\">\n\t\t\t\t\t\t<div class=\"elementor-container elementor-column-gap-default\">\n\t\t\t\t\t<div class=\"elementor-column elementor-col-100 elementor-top-column elementor-element elementor-element-3381691\" data-id=\"3381691\" data-element_type=\"column\" data-e-type=\"column\">\n\t\t\t<div class=\"elementor-widget-wrap elementor-element-populated\">\n\t\t\t\t\t\t<div class=\"elementor-element elementor-element-636b4e7 elementor-widget elementor-widget-section-title\" data-id=\"636b4e7\" data-element_type=\"widget\" data-e-type=\"widget\" data-widget_type=\"section-title.default\">\n\t\t\t\t<div class=\"elementor-widget-container\">\n\t\t\t\t\t        \r\n                    <div class=\"team__area-title t-center\">\r\n                <span class=\"subtitle-two\">Get to know Our Acharya<\/span>\r\n                <h2>Srila Prabhupada<\/h2>\r\n            <\/div>\r\n        \r\n        \r\n        \t\t\t\t<\/div>\n\t\t\t\t<\/div>\n\t\t\t\t\t<\/div>\n\t\t<\/div>\n\t\t\t\t\t<\/div>\n\t\t<\/section>\n\t\t\t\t<section class=\"elementor-section elementor-top-section elementor-element elementor-element-d7bdb68 elementor-section-boxed elementor-section-height-default elementor-section-height-default\" data-id=\"d7bdb68\" data-element_type=\"section\" data-e-type=\"section\">\n\t\t\t\t\t\t<div class=\"elementor-container elementor-column-gap-default\">\n\t\t\t\t\t<div class=\"elementor-column elementor-col-50 elementor-top-column elementor-element elementor-element-771a1c1\" data-id=\"771a1c1\" data-element_type=\"column\" data-e-type=\"column\">\n\t\t\t<div class=\"elementor-widget-wrap elementor-element-populated\">\n\t\t\t\t\t\t<div class=\"elementor-element elementor-element-5ebf03d elementor-widget elementor-widget-text-editor\" data-id=\"5ebf03d\" data-element_type=\"widget\" data-e-type=\"widget\" data-widget_type=\"text-editor.default\">\n\t\t\t\t<div class=\"elementor-widget-container\">\n\t\t\t\t\t\t\t\t\t<p>Krishna in Bhagvad Gita says whenever there is decline in religion He appears in every Yuga to re-establish the principles of \u2018DHARMA\u2019. And sometimes He sends His representative or ambassador to fulfill his objective.<br \/>About 500 years ago when Krishna appeared in Kali Yuga as Chaitanya Mahaprabhu, His chief objective was to deliver the fallen souls by propagating His holy name. He established Sankirtan &amp; the chanting of Hare Krishna Mahamantra as the Yugadharma of this Yuga .\u00a0He declared that the chanting of His holy names would spread beyond the shores of India to every town and village in the world.<\/p><p><strong><em>\u201cp\u1e5bthiv\u012bte \u0101che yata nagar\u0101di gr\u0101ma sarvatra prac\u0101ra haibe mora n\u0101m\u201d\u00a0<\/em><\/strong><em>\u2013 \u2018In every town and village, the chanting of My name will be heard.\u2019<\/em><\/p><p>He predicted that His commander-in-chief would appear to accomplish this mission. And Prabhupad appeared to fulfill this prophecy.<\/p><p>Srila Prabhupada is the 32nd spiritual master descending in the glorious &#8216;Brahma Madhva Gaudiya Sampradaya&#8217;, which begins from Lord Krishna Himself.<\/p>\t\t\t\t\t\t\t\t<\/div>\n\t\t\t\t<\/div>\n\t\t\t\t\t<\/div>\n\t\t<\/div>\n\t\t\t\t<div class=\"elementor-column elementor-col-50 elementor-top-column elementor-element elementor-element-e134a58\" data-id=\"e134a58\" data-element_type=\"column\" data-e-type=\"column\">\n\t\t\t<div class=\"elementor-widget-wrap elementor-element-populated\">\n\t\t\t\t\t\t<div class=\"elementor-element elementor-element-51bbb22 elementor-widget elementor-widget-image\" data-id=\"51bbb22\" data-element_type=\"widget\" data-e-type=\"widget\" data-widget_type=\"image.default\">\n\t\t\t\t<div class=\"elementor-widget-container\">\n\t\t\t\t\t\t\t\t\t\t\t\t\t\t\t<img decoding=\"async\" src=\"https:\/\/demo.webxindia.com\/hkmg\/wp-content\/uploads\/elementor\/thumbs\/s03-srila-prabhupada-books-p5bulaxq8fixbcpdxj2zi8uwtw122hse96qlch0m5o.jpg\" title=\"s03-srila-prabhupada-books\" alt=\"s03-srila-prabhupada-books\" loading=\"lazy\" \/>\t\t\t\t\t\t\t\t\t\t\t\t\t\t\t<\/div>\n\t\t\t\t<\/div>\n\t\t\t\t\t<\/div>\n\t\t<\/div>\n\t\t\t\t\t<\/div>\n\t\t<\/section>\n\t\t\t\t<section class=\"elementor-section elementor-top-section elementor-element elementor-element-8de67ab elementor-section-boxed elementor-section-height-default elementor-section-height-default\" data-id=\"8de67ab\" data-element_type=\"section\" data-e-type=\"section\">\n\t\t\t\t\t\t<div class=\"elementor-container elementor-column-gap-default\">\n\t\t\t\t\t<div class=\"elementor-column elementor-col-100 elementor-top-column elementor-element elementor-element-1bc9b3a\" data-id=\"1bc9b3a\" data-element_type=\"column\" data-e-type=\"column\">\n\t\t\t<div class=\"elementor-widget-wrap elementor-element-populated\">\n\t\t\t\t\t\t<div class=\"elementor-element elementor-element-5799257 elementor-widget elementor-widget-text-editor\" data-id=\"5799257\" data-element_type=\"widget\" data-e-type=\"widget\" data-widget_type=\"text-editor.default\">\n\t\t\t\t<div class=\"elementor-widget-container\">\n\t\t\t\t\t\t\t\t\t<p>Srila Prabhupad was born on 1<sup>st<\/sup>\u00a0September, 1896 in Calcutta Known as Abhay Charan. He was educated at the\u00a0<a href=\"https:\/\/en.wikipedia.org\/wiki\/Scottish_Church_College\" data-saferedirecturl=\"https:\/\/www.google.com\/url?q=https:\/\/en.wikipedia.org\/wiki\/Scottish_Church_College&amp;source=gmail&amp;ust=1682436723298000&amp;usg=AOvVaw3uZR-JomTeCzMZNotnujzt\">Scottish Church College<\/a>. While working at a small\u00a0<a href=\"https:\/\/en.wikipedia.org\/wiki\/Pharmaceutical\" data-saferedirecturl=\"https:\/\/www.google.com\/url?q=https:\/\/en.wikipedia.org\/wiki\/Pharmaceutical&amp;source=gmail&amp;ust=1682436723299000&amp;usg=AOvVaw3KakD7V2_dMDeRQiEvuzHC\">pharmaceutical<\/a>\u00a0business,\u00a0he met and became a follower of\u00a0<a href=\"https:\/\/en.wikipedia.org\/wiki\/Bhaktisiddhanta_Sarasvati\" data-saferedirecturl=\"https:\/\/www.google.com\/url?q=https:\/\/en.wikipedia.org\/wiki\/Bhaktisiddhanta_Sarasvati&amp;source=gmail&amp;ust=1682436723299000&amp;usg=AOvVaw2btCd9-J1o8J_ZjgM6fE1D\">Bhaktisiddhanta Sarasvati<\/a>. In 1950, at the age of 54, he left his family to become a\u00a0<a href=\"https:\/\/en.wikipedia.org\/wiki\/Sannyasa\" data-saferedirecturl=\"https:\/\/www.google.com\/url?q=https:\/\/en.wikipedia.org\/wiki\/Sannyasa&amp;source=gmail&amp;ust=1682436723299000&amp;usg=AOvVaw1cwbo_p703vLLGNQ5WRxGM\"><em>sannyasi<\/em><\/a>\u00a0and started writing commentaries on Vaishnava scriptures. Later it was instruction of his spiritual master Srila Bhaktisiddhant Sarasvati Thakur to &#8216;Preach Krishna consciousness to the English speaking world.\u2019 Srila Prabhupada took these instructions as his life and soul.<\/p><p>At the age of 69 Srila Prabhupada set out to America in 1965 and established the International Society for Krishna Consciousness. He travelled around the world fourteen times, established more than 100 temples of Krishna and initiated more than 10000 disciples into Krishna consciousness.\u00a0To revive the Krishna conscious tradition, he envisioned God-centered self-sufficient farm communities based on the principles of Simple Living, High Thinking. In 1972, he started a gurukul in Dallas, Texas \u2013 an educational institution set up according to the traditional Vedic model. He established more than 108 temples and instructed his disciples that no one should go hungry within a 10 mile radius of an ISKCON temple.<\/p>\t\t\t\t\t\t\t\t<\/div>\n\t\t\t\t<\/div>\n\t\t\t\t\t<\/div>\n\t\t<\/div>\n\t\t\t\t\t<\/div>\n\t\t<\/section>\n\t\t\t\t<section class=\"elementor-section elementor-top-section elementor-element elementor-element-153f022 elementor-section-boxed elementor-section-height-default elementor-section-height-default\" data-id=\"153f022\" data-element_type=\"section\" data-e-type=\"section\">\n\t\t\t\t\t\t<div class=\"elementor-container elementor-column-gap-default\">\n\t\t\t\t\t<div class=\"elementor-column elementor-col-100 elementor-top-column elementor-element elementor-element-14b8bba\" data-id=\"14b8bba\" data-element_type=\"column\" data-e-type=\"column\">\n\t\t\t<div class=\"elementor-widget-wrap elementor-element-populated\">\n\t\t\t\t\t\t<div class=\"elementor-element elementor-element-3bb4ac0 elementor-widget elementor-widget-text-editor\" data-id=\"3bb4ac0\" data-element_type=\"widget\" data-e-type=\"widget\" data-widget_type=\"text-editor.default\">\n\t\t\t\t<div class=\"elementor-widget-container\">\n\t\t\t\t\t\t\t\t\t<p><strong>Srila Prabhupada brought the Hare Krishna Movement to the public eye by:<\/strong><\/p>\t\t\t\t\t\t\t\t<\/div>\n\t\t\t\t<\/div>\n\t\t\t\t\t<\/div>\n\t\t<\/div>\n\t\t\t\t\t<\/div>\n\t\t<\/section>\n\t\t\t\t<section class=\"elementor-section elementor-top-section elementor-element elementor-element-e2038a8 elementor-section-boxed elementor-section-height-default elementor-section-height-default\" data-id=\"e2038a8\" data-element_type=\"section\" data-e-type=\"section\">\n\t\t\t\t\t\t<div class=\"elementor-container elementor-column-gap-default\">\n\t\t\t\t\t<div class=\"elementor-column elementor-col-100 elementor-top-column elementor-element elementor-element-0394f2f\" data-id=\"0394f2f\" data-element_type=\"column\" data-e-type=\"column\">\n\t\t\t<div class=\"elementor-widget-wrap elementor-element-populated\">\n\t\t\t\t\t\t<div class=\"elementor-element elementor-element-8a2239e elementor-icon-list--layout-traditional elementor-list-item-link-full_width elementor-widget elementor-widget-icon-list\" data-id=\"8a2239e\" data-element_type=\"widget\" data-e-type=\"widget\" data-widget_type=\"icon-list.default\">\n\t\t\t\t<div class=\"elementor-widget-container\">\n\t\t\t\t\t\t\t<ul class=\"elementor-icon-list-items\">\n\t\t\t\t\t\t\t<li class=\"elementor-icon-list-item\">\n\t\t\t\t\t\t\t\t\t\t\t<span class=\"elementor-icon-list-icon\">\n\t\t\t\t\t\t\t<i aria-hidden=\"true\" class=\"fas fa-chevron-right\"><\/i>\t\t\t\t\t\t<\/span>\n\t\t\t\t\t\t\t\t\t\t<span class=\"elementor-icon-list-text\">chanting in the parks<\/span>\n\t\t\t\t\t\t\t\t\t<\/li>\n\t\t\t\t\t\t\t\t<li class=\"elementor-icon-list-item\">\n\t\t\t\t\t\t\t\t\t\t\t<span class=\"elementor-icon-list-icon\">\n\t\t\t\t\t\t\t<i aria-hidden=\"true\" class=\"fas fa-chevron-right\"><\/i>\t\t\t\t\t\t<\/span>\n\t\t\t\t\t\t\t\t\t\t<span class=\"elementor-icon-list-text\">Distributing the Back to Godhead Magazine<\/span>\n\t\t\t\t\t\t\t\t\t<\/li>\n\t\t\t\t\t\t\t\t<li class=\"elementor-icon-list-item\">\n\t\t\t\t\t\t\t\t\t\t\t<span class=\"elementor-icon-list-icon\">\n\t\t\t\t\t\t\t<i aria-hidden=\"true\" class=\"fas fa-chevron-right\"><\/i>\t\t\t\t\t\t<\/span>\n\t\t\t\t\t\t\t\t\t\t<span class=\"elementor-icon-list-text\">conducting love feasts<\/span>\n\t\t\t\t\t\t\t\t\t<\/li>\n\t\t\t\t\t\t\t\t<li class=\"elementor-icon-list-item\">\n\t\t\t\t\t\t\t\t\t\t\t<span class=\"elementor-icon-list-icon\">\n\t\t\t\t\t\t\t<i aria-hidden=\"true\" class=\"fas fa-chevron-right\"><\/i>\t\t\t\t\t\t<\/span>\n\t\t\t\t\t\t\t\t\t\t<span class=\"elementor-icon-list-text\">delivering lectures from the Bhagavad-gita and Srimad Bhagavatam in a rented store-front<\/span>\n\t\t\t\t\t\t\t\t\t<\/li>\n\t\t\t\t\t\t<\/ul>\n\t\t\t\t\t\t<\/div>\n\t\t\t\t<\/div>\n\t\t\t\t\t<\/div>\n\t\t<\/div>\n\t\t\t\t\t<\/div>\n\t\t<\/section>\n\t\t\t\t<section class=\"elementor-section elementor-top-section elementor-element elementor-element-8bb5d60 elementor-section-boxed elementor-section-height-default elementor-section-height-default\" data-id=\"8bb5d60\" data-element_type=\"section\" data-e-type=\"section\">\n\t\t\t\t\t\t<div class=\"elementor-container elementor-column-gap-default\">\n\t\t\t\t\t<div class=\"elementor-column elementor-col-100 elementor-top-column elementor-element elementor-element-2b6e8e8\" data-id=\"2b6e8e8\" data-element_type=\"column\" data-e-type=\"column\">\n\t\t\t<div class=\"elementor-widget-wrap elementor-element-populated\">\n\t\t\t\t\t\t<div class=\"elementor-element elementor-element-1a1f969 elementor-widget elementor-widget-text-editor\" data-id=\"1a1f969\" data-element_type=\"widget\" data-e-type=\"widget\" data-widget_type=\"text-editor.default\">\n\t\t\t\t<div class=\"elementor-widget-container\">\n\t\t\t\t\t\t\t\t\t<p>Srila Prabhupada\u2019s most significant contributions, perhaps, are his books. He authored over 70 volumes on the Krishna tradition, which are highly respected by scholars for their authority, depth, fidelity to the tradition, and clarity. Several of his works are used as textbooks in numerous college courses. His writings have been translated into 76 languages. His most prominent works include:<\/p><p><strong>Bhagavad-gita As It Is, the 30-volume Srimad-Bhagavatam, and the 17-volume Sri Caitanya-caritamrita.<\/strong><\/p><p>These books are translated in most of the major languages and are widely distributed across the world.\u00a0These books have changed the lives of millions.<\/p><p>According to Srila Prabhupada, Krishna Consciousness is not an arm-chair philosophy or a part-time religion; it is a way of life. He presented the philosophy of Krishna Consciousness very extensively in his books and we request everyone to make it a habit to read Srila Prabhupada\u2019s books and be benefited by them.<\/p>\t\t\t\t\t\t\t\t<\/div>\n\t\t\t\t<\/div>\n\t\t\t\t\t<\/div>\n\t\t<\/div>\n\t\t\t\t\t<\/div>\n\t\t<\/section>\n\t\t\t\t<section class=\"elementor-section elementor-top-section elementor-element elementor-element-8f814ce elementor-section-boxed elementor-section-height-default elementor-section-height-default\" data-id=\"8f814ce\" data-element_type=\"section\" data-e-type=\"section\">\n\t\t\t\t\t\t<div class=\"elementor-container elementor-column-gap-no\">\n\t\t\t\t\t<div class=\"elementor-column elementor-col-100 elementor-top-column elementor-element elementor-element-d57ea4b\" data-id=\"d57ea4b\" data-element_type=\"column\" data-e-type=\"column\">\n\t\t\t<div class=\"elementor-widget-wrap elementor-element-populated\">\n\t\t\t\t\t\t<div class=\"elementor-element elementor-element-a4dff7e elementor-widget elementor-widget-cta\" data-id=\"a4dff7e\" data-element_type=\"widget\" data-e-type=\"widget\" data-widget_type=\"cta.default\">\n\t\t\t\t<div class=\"elementor-widget-container\">\n\t\t\t\t\t        \r\n                    <div class=\"solution__area section-padding\" style=\"background-image: url(https:\/\/demo.webxindia.com\/hkmg\/wp-content\/uploads\/2021\/04\/Srila-Prabhupada.jpg)\">\r\n                <div class=\"container\">\r\n                    <div class=\"row align-items-center\">\r\n                        <div class=\"col-xl-9\">\r\n                            <div class=\"solution__area-title\">\r\n                                <span class=\"subtitle-two\">A Brief Biography<\/span>\r\n                                <h1>Discover the Inspiring Journey of Srila Prabhupada: A Brief Biography<\/h1>\r\n                                                                    <a class=\"btn-five\" href=\"https:\/\/www.youtube.com\/watch?v=EtWO3eghiOM\">Watch Now<i class=\"far fa-chevron-double-right\"><\/i><\/a>\r\n                                                            <\/div>\r\n                        <\/div>\r\n                        <div class=\"col-xl-3\">\r\n                            <div class=\"solution__area-right\">\r\n                                <div class=\"solution__area-right-video\">\r\n                                    <div class=\"solution__area-right-icon video video-pulse\">\r\n                                        <a class=\"video-popup\" href=\"https:\/\/www.youtube.com\/watch?v=EtWO3eghiOM\"><i class=\"fal fa-play\"><\/i><\/a>\r\n                                    <\/div>\r\n                                    <h6>Watch The Biography Video<\/h6>\r\n                                <\/div>\r\n                            <\/div>\r\n                        <\/div>\r\n                    <\/div>\r\n                <\/div>\r\n            <\/div>\r\n        \r\n        \r\n        \t\t\t\t<\/div>\n\t\t\t\t<\/div>\n\t\t\t\t\t<\/div>\n\t\t<\/div>\n\t\t\t\t\t<\/div>\n\t\t<\/section>\n\t\t\t\t<section class=\"elementor-section elementor-top-section elementor-element elementor-element-cf1c69b section-padding elementor-section-boxed elementor-section-height-default elementor-section-height-default\" data-id=\"cf1c69b\" data-element_type=\"section\" data-e-type=\"section\">\n\t\t\t\t\t\t<div class=\"elementor-container elementor-column-gap-no\">\n\t\t\t\t\t<div class=\"elementor-column elementor-col-100 elementor-top-column elementor-element elementor-element-56cd39c\" data-id=\"56cd39c\" data-element_type=\"column\" data-e-type=\"column\">\n\t\t\t<div class=\"elementor-widget-wrap elementor-element-populated\">\n\t\t\t\t\t\t<div class=\"elementor-element elementor-element-1dcd8cf elementor-widget elementor-widget-section-title\" data-id=\"1dcd8cf\" data-element_type=\"widget\" data-e-type=\"widget\" data-widget_type=\"section-title.default\">\n\t\t\t\t<div class=\"elementor-widget-container\">\n\t\t\t\t\t                    <div class=\"team__area-title t-center\">\r\n                <span class=\"subtitle-one\">Discover<\/span>\r\n                <h2>Our Popular Initiatives<\/h2>\r\n            <\/div>\r\n        \r\n        \r\n        \r\n        \t\t\t\t<\/div>\n\t\t\t\t<\/div>\n\t\t\t\t<div class=\"elementor-element elementor-element-a6e14ec elementor-widget elementor-widget-loop-carousel\" data-id=\"a6e14ec\" data-element_type=\"widget\" data-e-type=\"widget\" data-widget_type=\"loop-carousel.default\">\n\t\t\t\t<div class=\"elementor-widget-container\">\n\t\t\t\t\t \t\t\t\t<\/div>\n\t\t\t\t<\/div>\n\t\t\t\t\t<\/div>\n\t\t<\/div>\n\t\t\t\t\t<\/div>\n\t\t<\/section>\n\t\t\t\t<\/div>\n\t\t","protected":false},"excerpt":{"rendered":"<p>Get to know Our Acharya Srila Prabhupada Krishna in Bhagvad Gita says whenever there is decline in religion He appears in every Yuga to re-establish the principles of \u2018DHARMA\u2019. And sometimes He sends His representative or ambassador to fulfill his objective.About 500 years ago when Krishna appeared in Kali Yuga as Chaitanya Mahaprabhu, His chief [&hellip;]<\/p>\n","protected":false},"author":1,"featured_media":0,"parent":0,"menu_order":0,"comment_status":"closed","ping_status":"closed","template":"","meta":{"footnotes":""},"class_list":["post-7502","page","type-page","status-publish","hentry"],"_links":{"self":[{"href":"https:\/\/demo.webxindia.com\/hkmg\/wp-json\/wp\/v2\/pages\/7502","targetHints":{"allow":["GET"]}}],"collection":[{"href":"https:\/\/demo.webxindia.com\/hkmg\/wp-json\/wp\/v2\/pages"}],"about":[{"href":"https:\/\/demo.webxindia.com\/hkmg\/wp-json\/wp\/v2\/types\/page"}],"author":[{"embeddable":true,"href":"https:\/\/demo.webxindia.com\/hkmg\/wp-json\/wp\/v2\/users\/1"}],"replies":[{"embeddable":true,"href":"https:\/\/demo.webxindia.com\/hkmg\/wp-json\/wp\/v2\/comments?post=7502"}],"version-history":[{"count":113,"href":"https:\/\/demo.webxindia.com\/hkmg\/wp-json\/wp\/v2\/pages\/7502\/revisions"}],"predecessor-version":[{"id":10335,"href":"https:\/\/demo.webxindia.com\/hkmg\/wp-json\/wp\/v2\/pages\/7502\/revisions\/10335"}],"wp:attachment":[{"href":"https:\/\/demo.webxindia.com\/hkmg\/wp-json\/wp\/v2\/media?parent=7502"}],"curies":[{"name":"wp","href":"https:\/\/api.w.org\/{rel}","templated":true}]}}